5
What is the value of (0 - 2 - -11) + -6 - 1?
2
Evaluate (-8 - -5) + (0 - -8).
5
1 + (-1 - (3 + -2)) + 1
0
Calculate 3 + -8 + (11 - 12) + -1.
-7
Calculate (-3 - -1) + (3 - 6).
-5
Evaluate -9 + -2 + -2 + 18.
5
-14 + 5 + (12 - -1)
4
What is the value of -5 + (5 - (1 + -1))?
0
Evaluate 1 + 6 + -1 - 14.
-8
Evaluate -92 + 91 - (1 - 0).
-2
Calculate 26 - 32 - (2 - 7).
-1
Evaluate (101 - 109) + 1 + -2 + 3.
-6
0 + 5 + 2 + -3
4
4 - (0 - (-3 - 0))
1
What is the value of (-7 - -1) + -6 + 1 + 8?
-3
Calculate 30 - 20 - (0 - (-2 + -2)).
6
Calculate -3 + (2 - (-2 + 2)).
-1
Calculate -10 + 15 - (3 - -2).
0
What is the value of 3 + (2 + -4 + -1 - -2)?
2
Evaluate (11 - 2 - -6) + -7.
8
Evaluate -7 + 4 + -10 + 8.
-5
What is -2 + 0 - (-10 - -12)?
-4
(-13 - -1 - (-3 - 0)) + 2
-7
Calculate 4 + 0 + -47 + 40.
-3
Evaluate 11 - (3 - -2) - 2.
4
What is the value of -4 + 6 + 1 + -1 + 1?
3
What is the value of (4 - (-5 - -22)) + 8 - 5?
-10
What is 10 + -1 + 0 + -3 + 0?
6
Evaluate -4 - (-11 - -3 - -8).
-4
Evaluate -1 + 1 + (18 - (5 - -9)).
4
Evaluate -2 + 3 + -2 - (-1 - -1).
-1
0 + 0 + -5 - (339 - 350)
6
Calculate 3 - (-1 - (2 - (-3 - -7))).
2
-2 - (3 - (-3 + 8))
0
What is the value of -7 + (-6 - -12) - -8?
7
What is -8 + 3 + (26 - 16)?
5
2 - (-1 + 1 - -5 - 2)
-1
Calculate 1 + -4 + 5 - (-2 + 0).
4
(-62 - -64 - (-1 + 6)) + -4
-7
What is 20 - 24 - (-1 + -3 + 2)?
-2
Calculate 1 - (-2 + 6) - (16 - 16).
-3
What is -6 - (1 + (3 - 8))?
-2
Evaluate 3 + -1 + 2 - (1 + 0).
3
What is the value of 51 - 69 - (-15 - 0)?
-3
What is the value of -3 + 12 + -4 + -8?
-3
4 + -1 - 2 - (7 - 1)
-5
Calculate 13 - (-2 + 13) - (2 - 2).
2
8 + -5 + -9 + 11
5
0 + -2 + (5 - 1)
2
Calculate -9 + (1 + -1 - -4).
-5
Evaluate (-123 - -114) + (6 - 0).
-3
Calculate -4 - -7 - 4 - (0 - 0).
-1
Calculate 3 - -2 - 0 - (3 - 2).
4
Calculate 0 + 1 - (-5 - (-1 - 7)).
-2
What is 5 - (-14 - -7 - -10)?
2
What is the value of 4 + (14 - 11) + 4?
11
Calculate -71 + 82 - ((2 - 2) + 2).
9
Calculate 11 + -7 + 4 - 4.
4
Evaluate -1 + -4 - -4 - 4.
-5
What is the value of 4 + -4 - (2 + (-1 - 2))?
1
-1 - (-4 - (1 - 9))
-5
Evaluate -6 + 2 + (-1 + -1 - -4).
-2
(2 - (-2 - -3)) + 0 + -4
-3
-3 - (-6 + 5) - (-4 - 0)
2
Evaluate 3 - (-5 + 7) - 5.
-4
What is the value of -7 + 8 + -13 + 7?
-5
10 - (-3 - -6 - -3)
4
4 - (0 + 0 + 3 + 1)
0
Evaluate 3 - 23 - -5 - -12.
-3
(3 - 2) + (-1 - -5)
5
What is -3 - (3 + -7 - -3)?
-2
What is 6 + (8 - (1 + 6) - 8)?
-1
Evaluate -4 + 0 - (4 + -7).
-1
1 - (12 + -2 - 5)
-4
What is the value of (-13 - (-10 - -4)) + 3?
-4
What is the value of 13 + (2 - 9) + -3 + -1?
2
Calculate 4 - (5 - 4) - 7.
-4
Calculate (6 + -4 - 1) + -8.
-7
Evaluate -16 + 8 + 8 + -1 + 0.
-1
(-1 - 3 - -7) + 1
4
Evaluate (-7 - -3) + (13 - 6) - 2.
1
What is the value of (-36 + 14 - -12) + 14?
4
Evaluate -5 - (3 - 10 - -4).
-2
Calculate 0 - (18 - 10 - 3).
-5
6 - (3 + -2) - 3
2
What is the value of -7 - (-24 + (7 - -3))?
7
Evaluate (-2 - 0) + 20 + -22.
-4
Calculate -4 + -5 + (0 - -1) + 1.
-7
Evaluate 1 + 3 + -4 + 0 + 5.
5
(33 - 30) + (0 - 2)
1
What is -5 - (-15 + 18 + (-2 - 9))?
3
What is the value of -1 - 15 - (126 + -134)?
-8
What is (43 - 44) + (2 - (2 + 3))?
-4
-4 + (-1 + (7 - 2) - 1)
-1
Evaluate -9 + (-4 + 9 - -1) + 2.
-1
Calculate 9 + (-20 + 9 - 5).
-7
What is the value of 2 - ((-2 + 2 - -3) + -3)?
2
-17 - -18 - (4 - 2 - 0)
-1
-2 - ((4 - 3) + -7)
4
-2 + 7 - 3 - -3
5
Calculate (-1 - (-15 - -4)) + (0 - 3).
7
-2 - (0 + -5 - (-9 + 6))
0
Evaluate (15 - 33) + (-2 - -8) + 6.
-6
-2 - -1 - (14 + -10 + -2)
-3
Evaluate 2 + -10 + 3 + 2 - -3.
0
-6 + (-6 - -13 - 6)
-5
Evaluate -7 + 6 + (1 - 2) + -5.
-7
What is -8 - -3 - ((-4 - -5) + -4)?
-2
What is the value of (-5 - -5) + 6 + -10?
-4
What is the value of 3 - (5 - (0 - -2))?
0
What is (4 - 4) + -5 + 5 + -1?
-1
Evaluate -1 - ((2 - -2) + (-1 - 8)).
4
(6 - 4) + -3 - (7 - 13)
5
What is the value of (-2 - 16) + 8 - -7?
-3
Evaluate 11 + -10 + 2 + -12.
-9
Calculate -11 - (-9 - 0 - -5).
-7
What is the value of (15 - 19) + (0 - -6)?
2
What is -2 + 9 + (0 - 5)?
2
What is the value of -3 + 2 + -3 - (56 - 65)?
5
(-51 - -46) + -1 + 3 + -2
-5
What is 0 - 8 - (0 + -4 - -1)?
-5
Calculate -4 - (3 + -3 + 6 + -8).
-2
(-3 - -6 - -5) + (-1 - 3)
4
What is -2 + -1 + (-15 - -21) - -1?
4
(7 - 6) + 6 - (0 - -1)
6
What is 1 + 2 + 2 + -11?
-6
Evaluate (-11 - (7 + -12)) + 4.
-2
What is -1 + -2 + 34 + -23?
8
-5 + ((-3 - -9) + 5 - 0)
6
What is -7 + (6 - 13 - -7)?
-7
Evaluate -10 + -2 + 3 + 6 + -3.
-6
What is -7 + -5 + 11 - -6?
5
Evaluate 0 + -2 + 2 - (-13 - -12).
1
What is -3 + (-3 - 0 - -1)?
-5
Calculate 7 + -6 + 3 + -9.
-5
What is 1 + 0 + -3 + 5 - 0?
3
23 - 23 - (4 + -3)
-1
What is (0 - (15 - (8 - 3))) + 3?
-7
What is 5 - (-16 - -10) - 9?
2
What is 3 + -7 + 4 - (3 - 1)?
-2
What is -4 + 1 + 1 + 0?
-2
1 - (0 + 2 + -5) - -2
6
0 - (-4 - 1) - 6
-1
-4 + (9 - (-5 + 10))
0
Calculate (-5 - -13 - 5) + -7.
-4
What is the value of 4 + (1 - 4) + 0?
1
Calculate -8 - (6 + 0 + -9).
-5
What is the value of -5 + (-5 - (4 + -11)) + 8?
5
1 + -3 + 7 + -1 + -2
2
What is (-12 - (9 + -18)) + 1?
-2
What is (-4 - (5 + 3 + -7)) + 1?
-4
Calculate -2 + ((-3 - -9) + -6 - 9).
-11
What is the value of -46 + 45 + -4 + -1 + 0?
-6
Evaluate 1 + -10 + 2 + (1 - 0).
-6
What is the value of 5 + -9 + 0 - (-1 + -3)?
0
-6 + 4 + -3 + -2 + 3
-4
Evaluate -2 - (1 + -5 - (-2 + -3)).
-3
Calculate -2 + (-9 - -7 - -4).
0
Evaluate 1 - (7 + (1 - 2)) - -1.
-4
What is the value of -2 + (10 + -6 + 1 - 0)?
3
Evaluate 0 + 0 - 3 - (-83 + 79).
1
What is the value of 4 + 2 - (-2 + 9)?
-1
Calculate (-42 - -52) + -1 + -1 + -2.
6
Evaluate 9 + -6 + -3 - -6.
6
What is the value of 1 + -4 + (-5 - (-10 + 1))?
1
-7 + 4 + -5 - -11
3
What is 3 + -1 - (-2 + 4 - 4)?
4
Calculate (0 + -5 + 1 - -11) + -10.
-3
What is -3 + (6 - 3 - -3)?
3
What is the value of -15 + 10 + -13 - -11?
-7
10 - ((0 - (-6 - -3)) + 2)
5
Calculate -3 + -2 + 4 + (0 - -3).
2
What is the value of -2 + -1 - -1 - (-2 + -2)?
2
What is the value of 7 + (-6 - (4 - 0))?
-3
What is 2 - (3 + (-5 - -2 - 0))?
2
What is the value of 0 - 2 - (51 - 59)?
6
Evaluate -7 + -5 + (11 - (12 + -8)).
-5
Evaluate 0 + -3 + (-2 - -3) + -2.
-4
Calculate -28 - -24 - ((1 - 1) + -4).
0
Evaluate ((2 - 6) + 4 - 0) + 1.
1
What is the value of -4 - (4 - 6 - 2)?
0
Calculate 9 + -7 - (1 - 3).
4
What is the value of 5 - (4 + 6) - -13?
8
What is the value of 6 - (0 + (0 - (-2 + 0)))?
4
What is the value of (4 - -2) + -12 + 2?
-4
What is -7 + 8 - (0 + (1 - 2))?
2
Calculate -15 + 9 - (-2 - 2).
-2
What is -8 + -1 + 1 + 2?
-6
Evaluate -6 + (5 - (4 + -1)) - 3.
-7
What is (-31 - -44) + 2 + -5?
10
Calculate 8 - (3 - 1 - (11 + -13)).
4
-2 - ((2 - 2 - 0) + -2)
0
What is the value of 3 + (0 - -2 - 2 - 1)?
2
Evaluate 20 - 15 - (6 + -2).
1
What is -8 + 6 + 11 + -3?
6
-3 - 8 - (-2 + -7)
-2
What is the value of 2 - (-11 - (-4 + -6))?
3
Evaluate -17 + 9 + -4 + 7 - -5.
0
Calculate -7 - (3 - 6) - (-3 + -3).
2
(1 + 2 - 4) + (0 - 0)
-1
Evaluate (5 - 4) + -4 + -2.
-5
What is the value of (-4 - -9) + -1 + -1?
3
Calculate -1 + (0 - ((-1 - 8) + 7)).
1
What is the value of 3 - 1 - (17 - 15)?
0
What is the value of -1 + 2 + 25 + -24?
2
What is the value of 2 - ((24 - 24) + -4 + -1)?
7
Evaluate 3 + (-17 - (-10 + -1)).
-3
Evaluate -4 + 0 + (-17 - -19) - -6.
4
Calculate -10 + -4 + 1 + 7.
-6
3 - (5 - (-4 + 9)) - 7
-4
What is the value of -10 + 25 + -8 - 2?
5
-2 + (0 - 2 - -10)
6
2 + 3 + -4 + 4
5
Evaluate -2 + -7 - (-1 + -3) - -4.
-1
What is 0 - 1 - (-4 + 7)?
-4
Calculate 1 - (-4 - -3 - 3).
5
Evaluate (-2 - -1) + 1 + 3 + -6.
-3
Calculate (0 - -6 - (2 + 2)) + -4.
-2
Evaluate 131 - 137 - ((-1 - 13) + -1).
9
What is -1 - 4 - (-14 - -18 - 5)?
-4
0 + 0 + -4 + 3 + 3
2
What is the value of -2 + (2 + -8 - 0) + 3?
-5
-7 + (-7 - (2 - (0 + 7)))
-9
What is the value of 12 + (-4 - 3) - 1?
4
4 + -4 + 3 - (4 + -3)
2
What is the value of -2 + -1 - (7 + 16 + -27)?
1
What is the value of -1 + -8 + -9 + 18?
0
(4 - -1) + 1 + (-8 - 3)
-5
What is -10 + (9 - (11 + -13))?
1
Calculate 6 + -11 - -4 - -9 - 5.
3
What is (21 - (26 + -9)) + 1 + -11?
-6
8 + (-3 + -3 - (-15 - -8))
9
Evaluate 7 + -9 - -4 - (4 + 0).
-2
9 + (-2 - (4 - 3)) + -4
2
Evaluate 3 - (-2 - 1 - -6).
0
Calculate 2 - -1 - (0 + 9 + -8).
2
What is the value of 6 + (-17 + (2 - -3) - -3)?
-3
What is -5 + 9 + (0 - 3 - -4)?
5
What is -10 + 10 + 18 + -10?
8
What is (-13